se 10.
-595
Convert -111100001 (base 2) to base 4.
-13201
What is 53a (base 12) in base 9?
1041
What is -201200112 (base 3) in base 10?
-14351
-120221221 (base 3) to base 5
-333020
1202 (base 3) to base 5
142
What is 2183 (base 10) in base 11?
1705
What is -21122 (base 4) in base 5?
-4402
Convert -22211 (base 7) to base 5.
-134334
Convert 1104 (base 8) to base 10.
580
Convert 392 (base 13) to base 6.
2522
Convert -17214 (base 8) to base 11.
-596a
What is 1102113 (base 5) in base 11?
13333
Convert -41434 (base 5) to base 15.
-c2e
-102201 (base 3) to base 13
-1b4
-500511 (base 6) to base 5
-2222232
-105046 (base 7) to base 14
-6a96
What is -2120020 (base 3) in base 10?
-1869
Convert -30200 (base 4) to base 5.
-11200
2410 (base 7) to base 9
1187
Convert 4223 (base 5) to base 7.
1433
Convert -1022123 (base 4) to base 15.
-1628
What is 2101022 (base 3) in base 7?
5030
Convert -3a33 (base 12) to base 4.
-1220013
-310002 (base 4) to base 2
-110100000010
What is -3e14 (base 16) in base 7?
-64222
What is -13231 (base 10) in base 11?
-9a39
What is -1a4a (base 13) in base 2?
-111101101101
What is -120406 (base 7) in base 9?
-32824
What is 12200200 (base 4) in base 13?
c196
What is c0 (base 13) in base 12?
110
Convert 26c0 (base 16) to base 4.
2123000
1274 (base 8) to base 2
1010111100
What is -113f (base 16) in base 4?
-1010333
Convert 12171 (base 10) to base 11.
9165
5997 (base 14) to base 15
4962
19651 (base 13) to base 4
30010012
13037 (base 11) to base 2
100100011110010
What is 11001110001101 (base 2) in base 10?
13197
What is -103031 (base 5) in base 2?
-110110111100
What is 12211221 (base 3) in base 13?
1c30
What is 2378 (base 14) in base 5?
144212
Convert -37 (base 16) to base 13.
-43
What is 129d3 (base 14) in base 16?
b31d
-955 (base 10) to base 4
-32323
-1201100 (base 3) to base 8
-2343
Convert 3105 (base 8) to base 11.
122a
Convert 8685 (base 11) to base 16.
2ccb
What is -677c (base 16) in base 15?
-7cb2
2414 (base 5) to base 12
25b
Convert 10554 (base 9) to base 5.
211030
What is -35b (base 13) in base 4?
-21013
200100221 (base 3) to base 14
4c46
Convert 253 (base 12) to base 11.
29a
What is -2414 (base 8) in base 11?
-a75
Convert 1120313 (base 4) to base 3.
21210122
1011110110011000 (base 2) to base 16
bd98
Convert 260 (base 9) to base 4.
3120
What is 593 (base 12) in base 10?
831
Convert 11010110101 (base 2) to base 14.
8a9
Convert 101011011111 (base 2) to base 13.
1361
Convert 1868c (base 13) to base 4.
23202203
Convert 3899 (base 12) to base 7.
24546
Convert -824 (base 15) to base 12.
-108a
-1493 (base 13) to base 7
-11504
What is 23310 (base 4) in base 6?
3300
10111010000 (base 2) to base 12
a40
33313 (base 7) to base 13
3a84
Convert 100100001100 (base 2) to base 5.
33231
What is 1138 (base 12) in base 3?
2121222
-471 (base 10) to base 8
-727
What is 714 (base 12) in base 4?
100000
Convert -4333 (base 10) to base 15.
-143d
What is 1051 (base 6) in base 4?
3313
Convert -102201 (base 3) to base 8.
-474
112102111 (base 3) to base 5
314031
What is 47530 (base 8) in base 10?
20312
Convert -5c8 (base 15) to base 12.
-915
What is -406 (base 8) in base 5?
-2022
Convert -231425 (base 7) to base 10.
-41375
1333 (base 6) to base 16
159
Convert -121 (base 16) to base 9.
-351
-10111010100101 (base 2) to base 3
-121101021
Convert -8476 (base 11) to base 15.
-34ca
What is 1531 (base 10) in base 12?
a77
What is 223233 (base 6) in base 11?
13209
What is 133855 (base 9) in base 5?
10102432
Convert -14202 (base 8) to base 15.
-1cd4
Convert -454 (base 8) to base 4.
-10230
What is -2001 (base 6) in base 15?
-1dd
What is 15976 (base 10) in base 2?
11111001101000
Convert -1201003 (base 4) to base 5.
-144321
-33602 (base 7) to base 11
-6453
-42a (base 16) to base 4
-100222
-34003 (base 7) to base 2
-10000110000010
What is -2209 (base 13) in base 12?
-28b1
Convert -149 (base 10) to base 11.
-126
Convert -34759 (base 10) to base 9.
-52611
What is -5301 (base 9) in base 15?
-1244
13542 (base 7) to base 13
18c0
Convert 58 (base 12) to base 13.
53
Convert ec3 (base 16) to base 3.
12011222
What is 257a (base 15) in base 8?
17466
12a (base 11) to base 13
ba
What is 2f3a (base 16) in base 8?
27472
What is 100001001011011 (base 2) in base 8?
41133
-1101020120 (base 3) to base 2
-110101000001110
Convert -1031031 (base 4) to base 9.
-6700
What is -dd7 (base 15) in base 4?
-300313
Convert 221010 (base 5) to base 9.
11417
What is -110b6 (base 12) in base 15?
-6a6c
What is 2244 (base 10) in base 12?
1370
-114354 (base 6) to base 11
-7632
-67a (base 12) to base 15
-43d
Convert -2a17 (base 14) to base 6.
-54325
-220122 (base 4) to base 5
-40321
What is 110100100 (base 2) in base 6?
1540
Convert 45033 (base 6) to base 4.
1202031
Convert -111011100111011 (base 2) to base 12.
-157b7
1c95 (base 13) to base 9
5860
What is -23506 (base 8) in base 4?
-2131012
29c0 (base 15) to base 5
241310
Convert 25335 (base 6) to base 9.
5185
Convert 786 (base 9) to base 12.
459
Convert -77d (base 15) to base 4.
-122131
Convert -13112 (base 4) to base 6.
-2102
-1b34 (base 15) to base 2
-1011100001011
What is -815 (base 9) in base 16?
-296
17c0b (base 13) to base 16
b39b
-b40 (base 13) to base 10
-1911
What is -110101100 (base 2) in base 13?
-26c
Convert 5a3 (base 13) to base 6.
4310
15557 (base 8) to base 7
26322
11435 (base 14) to base 16
a407
3204 (base 6) to base 10
724
-2235 (base 6) to base 12
-37b
-1011111011 (base 2) to base 9
-1037
12213 (base 4) to base 16
1a7
What is 5360 (base 8) in base 13?
1375
1341 (base 12) to base 5
32314
What is -61757 (base 9) in base 15?
-c0e4
Convert 1130201 (base 4) to base 9.
8108
Convert -7157 (base 15) to base 8.
-56574
What is 1010202 (base 3) in base 5?
11310
Convert -833 (base 13) to base 15.
-62e
Convert -1d62 (base 14) to base 12.
-3142
-a67 (base 14) to base 16
-803
What is 1381 (base 9) in base 12?
731
Convert 18b (base 15) to base 9.
435
Convert 1bcca (base 13) to base 14.
16030
What is 3444 (base 5) in base 11?
414
What is 1829 (base 12) in base 10?
2913
-31343 (base 5) to base 8
-4062
-10102 (base 3) to base 8
-134
1002210 (base 3) to base 16
324
What is 448 (base 13) in base 3?
1000021
What is -1386 (base 14) in base 11?
-2657
What is -18406 (base 10) in base 9?
-27221
Convert 10e3 (base 15) to base 2.
111000000100
32210123 (base 4) to base 5
3402200
Convert -20112211 (base 3) to base 9.
-6484
What is 111110000011 (base 2) in base 9?
5402
Convert 50656 (base 7) to base 11.
92a9
What is -882 (base 11) in base 9?
-1405
What is 11288 (base 10) in base 11?
8532
210020 (base 4) to base 10
2312
What is 58b (base 14) in base 5?
13403
What is -1100011000111 (base 2) in base 8?
-14307
Convert 2200100 (base 3) to base 13.
b73
Convert 10100110 (base 2) to base 3.
20011
1210441 (base 5) to base 16
585d
What is -7ec4 (base 15) in base 3?
-1100222111
What is -10210 (base 4) in base 3?
-101211
-433 (base 6) to base 10
-165
-4938 (base 13) to base 6
-115540
What is 466 (base 9) in base 5?
3014
Convert 770 (base 12) to base 9.
1443
51a (base 15) to base 4
101332
Convert -1010011101110 (base 2) to base 11.
-4031
What is -156311 (base 7) in base 9?
-46502
Convert -2783 (base 9) to base 4.
-200310
Convert -10502 (base 6) to base 15.
-688
-718 (base 10) to base 5
-10333
Convert -2022120 (base 4) to base 15.
-2956
Convert -b19b (base 13) to base 11.
-17420
What is 13291 (base 10) in base 14?
4bb5
What is 289d (base 16) in base 15?
3132
21674 (base 9) to base 11
a905
What is 385 (base 9) in base 5?
2240
What is -1dd (base 15) in base 8?
-661
Convert 592a (base 16) to base 4.
11210222
What is 112434 (base 5) in base 4?
1000113
What is 121020012 (base 3) in base 8?
27067
Convert 201020 (base 4) to base 14.
ab6
Convert -2240 (base 8) to base 7.
-3311
Convert -113260 (base 7) to base 8.
-47631
-2153 (base 15) to base 9
-10606
What is -354 (base 14) in base 5?
-10122
108a (base 13) to base 2
100100000111
Convert -41 (base 16) to base 15.
-45
What is 8146 (base 15) in base 14?
9d35
-1011010001 (base 2) to base 3
-222201
Convert 1b06 (base 13) to base 8.
7736
What is 635 (base 12) in base 7?
2432
25559 (base 10) to base 3
1022001122
-d0 (base 14) to base 15
-c2
What is 324161 (base 7) in base 12?
2897b
Convert 2233 (base 5) to base 12.
226
45810 (base 10) to base 5
24312